hat is the units digit of h?
1
Let x be (-2)/7 - (-172)/14. Let n be -1 + x + 1*-2. Suppose 0 = 2*z - 7 - n. What is the units digit of z?
8
What is the units digit of (5/15)/1 + (-245)/(-3)?
2
Suppose 0 = -3*h + 27 + 30. Let c = -10 + h. What is the units digit of c?
9
Let o(q) = q**3 + 1 + 0 + 10*q - 4 - 9*q**2. What is the tens digit of o(8)?
1
Let x = 82 + -6. What is the units digit of 1/5 - x/(-20)?
4
Let b = 6 + -3. Suppose -t + 5*n = t - 46, -t + 1 = b*n. What is the tens digit of t?
1
Let b(q) = 8*q**2 - 3*q**2 - q**3 + 4 + 0 + q**2. What is the units digit of b(6)?
4
Let q(y) = y**2 - 4*y + 2. Let w be q(4). Suppose -w*u - 2*u = 0. Let f = u + 19. What is the units digit of f?
9
Let a(r) = -12*r - 1. Let i be a(-1). Suppose 5*u - i - 4 = 0. What is the units digit of u?
3
Let g(h) = 2*h**2 + h + 35. What is the units digit of g(-6)?
1
Let b(x) = -x**2 + 9*x - 4. Let t be b(8). Suppose 2*l - t = -5*u + 3, 5*l = 2*u + 3. What is the units digit of l?
1
Suppose 3*c = 4*c. Suppose 3*n - 25 = -l, c = -3*n + 2 + 1. What is the tens digit of l?
2
Suppose -5*n - 5*h - 140 = 0, -n - 4 = -5*h + 24. Let o = 39 + n. What is the tens digit of o?
1
Let c(m) = m**2 + 8*m - 9. Let g be c(-11). What is the units digit of 3/(-18) + 1372/g?
7
Let l(b) = -b**3 - 9*b**2 + b - 32. What is the tens digit of l(-10)?
5
Let h(m) = 9*m - 49. What is the hundreds digit of h(22)?
1
Let t be (-2 - 5)*2/(-14). Let z = -2 + 2. Suppose f + t - 2 = z. What is the units digit of f?
1
Let o(l) be the second derivative of l**4/12 - l**3/6 + 9*l**2/2 - 2*l. What is the units digit of o(0)?
9
Suppose 2*a - 9 = -a. Let g = a - 1. Suppose g*n = 6*n - 16. What is the units digit of n?
4
Let n = -1 + 2. Let v(b) = b**2 - 15*b + 5. Let m be v(15). Let r = m - n. What is the units digit of r?
4
Suppose 0*l = 2*l. Suppose t - 5*a - 33 = l, -3*t + 0*t + 2*a + 34 = 0. What is the units digit of t?
8
Suppose y + 215 = 5*z + 6*y, 0 = -4*z + 4*y + 204. What is the tens digit of z?
4
Suppose -4*c + 4 = 0, 5*q - 2*c - 90 - 108 = 0. What is the units digit of q?
0
Let k be ((-2)/6)/((-3)/45). Suppose q - 3*q + k*h + 2 = 0, 2*q - 2 = -3*h. What is the units digit of q?
1
Suppose 28 = 5*p - 27. Let l = -4 + p. What is the units digit of l?
7
Suppose 39 - 15 = 4*k - 2*n, 0 = 2*k + 5*n. Suppose 0 = -o + 2 + 3. Suppose k*y - 25 = 2*y - 4*w, 2*y - o*w + 14 = 0. What is the units digit of y?
3
Let f = 222 - 150. What is the tens digit of f?
7
Let z(i) = -i**2 - 3*i + 2. Let j(o) = 4*o**2 + 13*o - 7. Let l(h) = -2*j(h) - 9*z(h). What is the units digit of l(4)?
6
Let v(j) = j**3 - 2*j**2 - j + 2. Let d be v(2). Suppose 0 = -2*t + 4 - d. What is the units digit of t?
2
Let i be 1*57 - (2 - 5). Suppose -3*x - x + i = 0. What is the units digit of x?
5
Suppose 5*q + 15 = 0, 3*r - 5*q = 878 + 457. Let w = 9 - 5. What is the units digit of w/18 + r/45?
0
Let p be 8/32 + 10/(-8). What is the units digit of 3*(p + (-92)/(-12))?
0
Let h(c) = 6*c**3 + 3*c - 2. Let d be h(2). Let s = d - -22. Suppose 0 = -4*j - 2*z - 6 + s, 0 = 2*j + 2*z - 38. What is the units digit of j?
5
Let z be ((-10)/12)/(3/(-18)). Suppose 0 = -2*a - 10, -7 = 3*k + 5*a + 3. Suppose -10 + z = -o - w, -k*w = 15. What is the units digit of o?
8
Let l be (3 - 2)*(0 + 2). Suppose -s = -4*s + 15, l*t + 2*s = 36. What is the tens digit of t?
1
Let p = 0 + 0. Suppose 8*m - 4*m - 4 = p. What is the units digit of m?
1
What is the tens digit of ((-1)/2)/((-9)/324)?
1
What is the tens digit of (-4)/7 - 895/(-35)?
2
Suppose r - 12 = 123. What is the hundreds digit of r?
1
Let g(a) = -a**3 - a + 2. Let m = 3 - 6. Let d be (-3)/m*2 + -2. What is the units digit of g(d)?
2
What is the tens digit of (-29)/(-6)*(-9 + 15)?
2
Let t = 0 - -4. Suppose h = -t*y + 49, -4*h + 29 = 2*y + h. What is the units digit of y?
2
What is the tens digit of (-143)/1*((-10 - -6) + 3)?
4
Let a = 5 + -1. Suppose -a*f + 31 = 11. Suppose f*w + 15 = 0, -6*h + h + 5*w = -65. What is the units digit of h?
0
Suppose -d + k = 3, -4*d - d - 5 = 5*k. Let v = d - -6. Suppose 0 = -v*z - 12, 0*z + 3*z = -4*u + 47. What is the tens digit of u?
1
Suppose -2*w - 4*d + 35 = -77, 0 = 5*w + d - 298. What is the units digit of w?
0
Suppose 2*v - 10 = 3*v. Let n be (-2 + 12)*2/(-1). Let a = v - n. What is the tens digit of a?
1
Let z(s) = s**3 + 2*s**2 - s + 1. Let d be z(-2). Let l(j) = -1 + 4*j**2 - 4*j + d*j - 1 + 3. What is the units digit of l(1)?
4
Suppose -29*i = -24*i - 1210. What is the tens digit of i?
4
Suppose 2 = v + 1. Suppose -p = v - 4. What is the units digit of p?
3
Suppose d = -4*d - 205. Let z = 71 + d. What is the tens digit of z?
3
Let a(b) = -5*b + 57. What is the tens digit of a(-20)?
5
Suppose -5*n - 4 = 6, -3*n = a - 32. What is the tens digit of a?
3
Suppose m - 2 = -1. Let g = 4 - m. Suppose 5*o - g*o - 12 = -s, -4*o - 5*s + 24 = 0. What is the units digit of o?
6
Let d(i) = -2*i - 13. Let p be d(-9). Suppose a = -m - 0 - 3, 16 = -4*a - p*m. What is the units digit of a?
1
What is the tens digit of 3 + 15/(-5) + 44?
4
Let w(f) = 4*f**2 - 30*f - 6. What is the units digit of w(10)?
4
Suppose -6*y + 944 = -46. What is the units digit of y?
5
Suppose -5*k = -5*w + 75, -22 = -4*w + 5*k + 38. What is the tens digit of w?
1
Let h = 217 - -7. What is the tens digit of h?
2
Suppose q + 3*q = 104. Suppose 4*c + 4*o = -60, 5*o = 1 + 4. Let k = q + c. What is the tens digit of k?
1
Let x(y) = -8*y - 3. Suppose 4*b + k + 3*k = -20, 17 = -4*b - 3*k. What is the tens digit of x(b)?
1
Suppose 0 = 8*q - 0*q - 2024. What is the tens digit of q?
5
Let t(s) = s**2 + 4*s - 3. What is the tens digit of t(4)?
2
Let t be (-1 - -2) + -1 + 1. What is the tens digit of (40/12)/(t/3)?
1
Let o be 1/(-4) + 37/4. Suppose 0 = 5*t - 2*t + o. What is the units digit of 2 + t - (-4)/1?
3
Let g be (-30)/(-3)*(-2)/(-4). Suppose f + k + 12 = 6*k, 38 = f + g*k. Let s = f + 0. What is the units digit of s?
3
Let f = 7 + -4. Suppose -2*a = o - 8, -1 - f = -2*a. Suppose 12 = o*s - 20. What is the units digit of s?
8
What is the tens digit of ((-1290)/(-5))/3 + -4?
8
Suppose 0*w + 3*w = -21. Let n(j) = j**2 + j - 8. What is the tens digit of n(w)?
3
Let o be (2*11)/(1/4). Suppose 3*u - k - 64 = -0*u, o = 4*u - 2*k. What is the units digit of u?
0
Let d(x) = x**3 + 5*x**2 + 2*x - 3. Let i be d(-4). Let u(k) = 0*k - 2*k - 1 + 6*k**2 - k**3 - 4 + 0*k**3. What is the units digit of u(i)?
0
What is the units digit of (1 - 0)/((-3)/(-39))?
3
Let g(h) = h**2 - 5*h - 5. Let t be g(6). Let a(u) = 12*u + 1. Let x be a(t). Let b = 18 - x. What is the units digit of b?
5
Let t(g) = -2*g - 5. Suppose 40 = -6*u + u + z, u + 2*z - 3 = 0. Let y be t(u). Let v = -5 + y. What is the units digit of v?
4
Suppose -259 = -3*x + 5*g, -7*x = -2*x + 4*g - 481. What is the units digit of x?
3
What is the units digit of (196/(-10))/(76/20 + -4)?
8
Let n = 9 - 1. Let w(j) = -5*j**3 - 2*j**2 - 3*j - 3. Let s be w(-2). Suppose -3*d - s = -n*d. What is the units digit of d?
7
Let c = -13 + 16. What is the units digit of c?
3
Let s(w) = -w + 11. Let v be s(11). Suppose -3*t + 2*q + 15 = 0, -2*q + q - 3 = 0. Suppose v = i - t*i + 32. What is the tens digit of i?
1
Let i = 2 - -2. Let u = 7 - i. Suppose -15 = 5*o + 5*p, u*o - 2*p - 23 = 3*p. What is the units digit of o?
1
Let z be (-2 - -2)*(0 - 1). Suppose 0 = 5*j - z*j - 85. Suppose -3*k + j - 5 = 0. What is the units digit of k?
4
Let j = -34 - -24. Let n(g) = -g - 4. Let i be n(j). What is the units digit of (-1 - i)*(0 - 1)?
7
Let j = 4 + -1. Suppose l + 4 = 2*b, 3*l + b - 18 = -2. Suppose -5*p - 3*g = -l*g - 47, g - j = 0. What is the tens digit of p?
1
Suppose 2*o = 8*o - 198. What is the tens digit of o?
3
Let n(i) = i**2 + 3*i. Let x be n(-3). Let p be -4 + x/3 + 2. What is the units digit of ((-1)/p)/(2/24)?
6
Let q = 4 - -1. Let j = 1 + q. What is the units digit of j?
6
Let z be (-2)/(-6)*(13 - 1). Suppose -z*i + 18 = 3*d, 0*d = 2*d - i - 1. Suppose 3*y = 2*w - 1, -d*w - 2*w = 5*y - 57. What is the units digit of w?
8
Let s be (2 - 124)*(-1)/2. Suppose 0*z + s = 4*z + y, 2*z - 5*y = 3. What is the tens digit of z?
1
Let m = -42 - -175. What is the tens digit of m?
3
Let c(z) = 4*z**3 + z**2 + z - 1. Let h be c(1). Suppose 0 = -u - 1, u = f + h - 24. What is the tens 